{"id":1454,"date":"2023-03-06T11:18:06","date_gmt":"2023-03-06T11:18:06","guid":{"rendered":"https:\/\/bricer.pt\/produto\/pataks-pickle-manga-medium-frasco-283g\/"},"modified":"2024-01-19T16:31:03","modified_gmt":"2024-01-19T16:31:03","slug":"pataks-pickle-manga-medium-frasco-283g","status":"publish","type":"product","link":"https:\/\/bricer.pt\/?product=pataks-pickle-manga-medium-frasco-283g","title":{"rendered":"Patak&#8217;s Pickle Manga &#8220;Medium&#8221; Frasco 283g"},"content":{"rendered":"<p><strong>Patak&#8217;s Pickle Manga &#8220;Medium&#8221;<\/strong> Frasco 283g.<\/p>\n<p>&nbsp;<\/p>\n<p><strong>Ingredientes:<\/strong> manga (68%), sal, \u00f3leo de colza, especiarias mo\u00eddas (especiarias, curcuma, chili), acidificante: \u00e1cido ac\u00e9tico; MOSTARDA em p\u00f3, sementes de funcho, sementes de feno-grego trituradas, sementes de MOSTARDA preta, sementes de ajowan, sementes de cominho, sementes de nigella.<\/p>\n<p><strong>Alerg\u00e9nios<\/strong>: Ver MAI\u00daSCULAS. Pode conter vest\u00edgios de amendoins e de frutos de casca rija.<\/p>\n<p><strong>Declara\u00e7\u00e3o Nutricional p\/100g:<\/strong> Energia 598kJ\/144kcal; L\u00edpidos 10,6g (dos quais \u00e1cidos gordos saturados 0,9g); Hidratos de Carbono 8,7g (dos quais a\u00e7\u00facares 1,7g); Prote\u00ednas 1,5g; Sal 10,0g.<\/p>\n","protected":false},"excerpt":{"rendered":"<p>Patak&#8217;s Pickle Manga &#8220;Medium&#8221; Frasco 283g. &nbsp; Ingredientes: manga (68%), sal, \u00f3leo de colza, especiarias mo\u00eddas (especiarias, curcuma, chili), acidificante: \u00e1cido ac\u00e9tico; MOSTARDA em p\u00f3, sementes de funcho, sementes de feno-grego trituradas, sementes de MOSTARDA preta, sementes de ajowan, sementes de cominho, sementes de nigella. Alerg\u00e9nios: Ver MAI\u00daSCULAS. Pode conter vest\u00edgios de amendoins e de [&hellip;]<\/p>\n","protected":false},"featured_media":1455,"template":"","meta":[],"product_brand":[],"product_cat":[36,204],"product_tag":[],"class_list":{"0":"post-1454","1":"product","2":"type-product","3":"status-publish","4":"has-post-thumbnail","6":"product_cat-mercearia-salgada","7":"product_cat-pickles","8":"pa_marcas-pataks","9":"pa_pais-india","11":"first","12":"instock","13":"taxable","14":"shipping-taxable","15":"product-type-simple"},"_links":{"self":[{"href":"https:\/\/bricer.pt\/index.php?rest_route=\/wp\/v2\/product\/1454","targetHints":{"allow":["GET"]}}],"collection":[{"href":"https:\/\/bricer.pt\/index.php?rest_route=\/wp\/v2\/product"}],"about":[{"href":"https:\/\/bricer.pt\/index.php?rest_route=\/wp\/v2\/types\/product"}],"wp:featuredmedia":[{"embeddable":true,"href":"https:\/\/bricer.pt\/index.php?rest_route=\/wp\/v2\/media\/1455"}],"wp:attachment":[{"href":"https:\/\/bricer.pt\/index.php?rest_route=%2Fwp%2Fv2%2Fmedia&parent=1454"}],"wp:term":[{"taxonomy":"product_brand","embeddable":true,"href":"https:\/\/bricer.pt\/index.php?rest_route=%2Fwp%2Fv2%2Fproduct_brand&post=1454"},{"taxonomy":"product_cat","embeddable":true,"href":"https:\/\/bricer.pt\/index.php?rest_route=%2Fwp%2Fv2%2Fproduct_cat&post=1454"},{"taxonomy":"product_tag","embeddable":true,"href":"https:\/\/bricer.pt\/index.php?rest_route=%2Fwp%2Fv2%2Fproduct_tag&post=1454"}],"curies":[{"name":"wp","href":"https:\/\/api.w.org\/{rel}","templated":true}]}}