{"id":1369,"date":"2023-03-06T11:15:45","date_gmt":"2023-03-06T11:15:45","guid":{"rendered":"https:\/\/bricer.pt\/produto\/norit-detergente-para-viagem-tubo-100ml\/"},"modified":"2023-04-17T07:59:43","modified_gmt":"2023-04-17T07:59:43","slug":"norit-detergente-para-viagem-tubo-100ml","status":"publish","type":"product","link":"https:\/\/bricer.pt\/?product=norit-detergente-para-viagem-tubo-100ml","title":{"rendered":"Norit Detergente para Viagem Tubo 100ml"},"content":{"rendered":"<p><strong>Norit Detergente para Viagem<\/strong> Tubo 100ml.<\/p>\n<p>&nbsp;<\/p>\n<p><strong>Caracter\u00edsticas<\/strong>: \u00c9 uma f\u00f3rmula pr\u00e1tica para usar fora de casa. Ideal para lavar as m\u00e3os delicadas, roupas de beb\u00ea, roupas \u00edntimas e de banho e outros itens pequenos. Cuide das fibras e respeite a cor original das pe\u00e7as. Enx\u00e1gue f\u00e1cil. N\u00e3o precisa de amaciante. Recomenda-se antes de lavar, sempre siga as instru\u00e7\u00f5es do fabricante. N\u00e3o misture cores escuras com claras. Dissolva uma pequena quantidade (20 ml) do produto em \u00e1gua fria. Mergulhe a roupa e lave suavemente sem esfregar.<\/p>\n<p><strong>Ingredientes<\/strong>: Tensoativos ani\u00f4nicos 15\/30%; menos de 5% de surfactantes n\u00e3o i\u00f4nicos, surfactantes anfot\u00e9ricos. Outros: Perfumes: Metilisotiazolinona, Benzisotiazolinona.<\/p>\n","protected":false},"excerpt":{"rendered":"<p>Norit Detergente para Viagem Tubo 100ml. &nbsp; Caracter\u00edsticas: \u00c9 uma f\u00f3rmula pr\u00e1tica para usar fora de casa. Ideal para lavar as m\u00e3os delicadas, roupas de beb\u00ea, roupas \u00edntimas e de banho e outros itens pequenos. Cuide das fibras e respeite a cor original das pe\u00e7as. Enx\u00e1gue f\u00e1cil. N\u00e3o precisa de amaciante. Recomenda-se antes de lavar, [&hellip;]<\/p>\n","protected":false},"featured_media":1370,"template":"","meta":[],"product_brand":[],"product_cat":[55,58],"product_tag":[],"class_list":{"0":"post-1369","1":"product","2":"type-product","3":"status-publish","4":"has-post-thumbnail","6":"product_cat-dph","7":"product_cat-limpeza-e-manutencao","8":"pa_marcas-norit","9":"pa_pais-espanha","11":"first","12":"instock","13":"taxable","14":"shipping-taxable","15":"product-type-simple"},"_links":{"self":[{"href":"https:\/\/bricer.pt\/index.php?rest_route=\/wp\/v2\/product\/1369","targetHints":{"allow":["GET"]}}],"collection":[{"href":"https:\/\/bricer.pt\/index.php?rest_route=\/wp\/v2\/product"}],"about":[{"href":"https:\/\/bricer.pt\/index.php?rest_route=\/wp\/v2\/types\/product"}],"wp:featuredmedia":[{"embeddable":true,"href":"https:\/\/bricer.pt\/index.php?rest_route=\/wp\/v2\/media\/1370"}],"wp:attachment":[{"href":"https:\/\/bricer.pt\/index.php?rest_route=%2Fwp%2Fv2%2Fmedia&parent=1369"}],"wp:term":[{"taxonomy":"product_brand","embeddable":true,"href":"https:\/\/bricer.pt\/index.php?rest_route=%2Fwp%2Fv2%2Fproduct_brand&post=1369"},{"taxonomy":"product_cat","embeddable":true,"href":"https:\/\/bricer.pt\/index.php?rest_route=%2Fwp%2Fv2%2Fproduct_cat&post=1369"},{"taxonomy":"product_tag","embeddable":true,"href":"https:\/\/bricer.pt\/index.php?rest_route=%2Fwp%2Fv2%2Fproduct_tag&post=1369"}],"curies":[{"name":"wp","href":"https:\/\/api.w.org\/{rel}","templated":true}]}}