{"id":1358,"date":"2023-03-06T11:15:45","date_gmt":"2023-03-06T11:15:45","guid":{"rendered":"https:\/\/bricer.pt\/produto\/nick-molho-de-caramelo-e-toffee-doce-squeeze-emb-250g\/"},"modified":"2023-04-17T07:59:42","modified_gmt":"2023-04-17T07:59:42","slug":"nick-molho-de-caramelo-e-toffee-doce-squeeze-emb-250g","status":"publish","type":"product","link":"https:\/\/bricer.pt\/?product=nick-molho-de-caramelo-e-toffee-doce-squeeze-emb-250g","title":{"rendered":"Nick Molho de Caramelo e &#8220;Toffee&#8221; Doce Squeeze Emb. 250g"},"content":{"rendered":"<p><strong>Nick Molho de Caramelo e &#8220;Toffee&#8221; Doce Squeeze Emb. 250g.<\/strong><\/p>\n<p>&nbsp;<\/p>\n<p><strong>Ingredientes<\/strong>: xarope de glicose-fructose, LEITE condensado (LEITE, a\u00e7\u00facar), a\u00e7\u00facar, \u00e1gua, acidificante: citrato de s\u00f3dio; espessante: carragenina; sal,<br \/>\nconservante: sorbato de pot\u00e1ssio.<\/p>\n<p><strong>Alerg\u00e9nios<\/strong>: Ver MAI\u00daSCULAS.<\/p>\n<p><strong>Declara\u00e7\u00e3o Nutricional p\/100g:<\/strong> Energia 1233kJ\/290kcal; L\u00edpidos 2,4g (dos quais saturados 1,5g); Hidratos de Carbono 65g (dos quais a\u00e7\u00facares 58g); Prote\u00ednas 2,5g; Sal 0,19g.<\/p>\n<p>&nbsp;<\/p>\n","protected":false},"excerpt":{"rendered":"<p>Nick Molho de Caramelo e &#8220;Toffee&#8221; Doce Squeeze Emb. 250g. &nbsp; Ingredientes: xarope de glicose-fructose, LEITE condensado (LEITE, a\u00e7\u00facar), a\u00e7\u00facar, \u00e1gua, acidificante: citrato de s\u00f3dio; espessante: carragenina; sal, conservante: sorbato de pot\u00e1ssio. Alerg\u00e9nios: Ver MAI\u00daSCULAS. Declara\u00e7\u00e3o Nutricional p\/100g: Energia 1233kJ\/290kcal; L\u00edpidos 2,4g (dos quais saturados 1,5g); Hidratos de Carbono 65g (dos quais a\u00e7\u00facares 58g); Prote\u00ednas [&hellip;]<\/p>\n","protected":false},"featured_media":1359,"template":"","meta":[],"product_brand":[],"product_cat":[76,230],"product_tag":[],"class_list":{"0":"post-1358","1":"product","2":"type-product","3":"status-publish","4":"has-post-thumbnail","6":"product_cat-mercearia-doce","7":"product_cat-molhos-diversos-mercearia-doce","8":"pa_marcas-nick","9":"pa_pais-estados-unidos-da-america","11":"first","12":"instock","13":"taxable","14":"shipping-taxable","15":"product-type-simple"},"_links":{"self":[{"href":"https:\/\/bricer.pt\/index.php?rest_route=\/wp\/v2\/product\/1358","targetHints":{"allow":["GET"]}}],"collection":[{"href":"https:\/\/bricer.pt\/index.php?rest_route=\/wp\/v2\/product"}],"about":[{"href":"https:\/\/bricer.pt\/index.php?rest_route=\/wp\/v2\/types\/product"}],"wp:featuredmedia":[{"embeddable":true,"href":"https:\/\/bricer.pt\/index.php?rest_route=\/wp\/v2\/media\/1359"}],"wp:attachment":[{"href":"https:\/\/bricer.pt\/index.php?rest_route=%2Fwp%2Fv2%2Fmedia&parent=1358"}],"wp:term":[{"taxonomy":"product_brand","embeddable":true,"href":"https:\/\/bricer.pt\/index.php?rest_route=%2Fwp%2Fv2%2Fproduct_brand&post=1358"},{"taxonomy":"product_cat","embeddable":true,"href":"https:\/\/bricer.pt\/index.php?rest_route=%2Fwp%2Fv2%2Fproduct_cat&post=1358"},{"taxonomy":"product_tag","embeddable":true,"href":"https:\/\/bricer.pt\/index.php?rest_route=%2Fwp%2Fv2%2Fproduct_tag&post=1358"}],"curies":[{"name":"wp","href":"https:\/\/api.w.org\/{rel}","templated":true}]}}