{"id":1353,"date":"2023-03-06T11:15:12","date_gmt":"2023-03-06T11:15:12","guid":{"rendered":"https:\/\/bricer.pt\/produto\/nick-marshmallows-saqueta-200g\/"},"modified":"2023-04-17T07:59:40","modified_gmt":"2023-04-17T07:59:40","slug":"nick-marshmallows-saqueta-200g","status":"publish","type":"product","link":"https:\/\/bricer.pt\/?product=nick-marshmallows-saqueta-200g","title":{"rendered":"Nick Marshmallows Saqueta 200g"},"content":{"rendered":"<p><strong>Nick Marshmallows Saqueta 200g.<\/strong><\/p>\n<p>&nbsp;<\/p>\n<p><strong>Ingredientes<\/strong>: xarope de glicose-frutose, a\u00e7\u00facar, \u00e1gua, dextrose, amido de milho, gelatina, aroma, corante: carmim.<\/p>\n<p><strong>Alerg\u00e9nios<\/strong>: SOJA tamb\u00e9m \u00e9 processada nesta f\u00e1brica.<\/p>\n<p><strong>Declara\u00e7\u00e3o Nutricional p\/ 100g:<\/strong> Energia 1420kJ\/334kcal; L\u00edpidos 0g (dos quais saturados 0g); Hidratos de Carbono 79g (dos quais a\u00e7\u00facares 71g); Prote\u00ednas 3,6g; Sal 0,02g.<\/p>\n","protected":false},"excerpt":{"rendered":"<p>Nick Marshmallows Saqueta 200g. &nbsp; Ingredientes: xarope de glicose-frutose, a\u00e7\u00facar, \u00e1gua, dextrose, amido de milho, gelatina, aroma, corante: carmim. Alerg\u00e9nios: SOJA tamb\u00e9m \u00e9 processada nesta f\u00e1brica. Declara\u00e7\u00e3o Nutricional p\/ 100g: Energia 1420kJ\/334kcal; L\u00edpidos 0g (dos quais saturados 0g); Hidratos de Carbono 79g (dos quais a\u00e7\u00facares 71g); Prote\u00ednas 3,6g; Sal 0,02g.<\/p>\n","protected":false},"featured_media":1354,"template":"","meta":[],"product_brand":[],"product_cat":[87,76],"product_tag":[],"class_list":{"0":"post-1353","1":"product","2":"type-product","3":"status-publish","4":"has-post-thumbnail","6":"product_cat-caramelos","7":"product_cat-mercearia-doce","8":"pa_marcas-nick","9":"pa_pais-estados-unidos-da-america","11":"first","12":"instock","13":"taxable","14":"shipping-taxable","15":"product-type-simple"},"_links":{"self":[{"href":"https:\/\/bricer.pt\/index.php?rest_route=\/wp\/v2\/product\/1353","targetHints":{"allow":["GET"]}}],"collection":[{"href":"https:\/\/bricer.pt\/index.php?rest_route=\/wp\/v2\/product"}],"about":[{"href":"https:\/\/bricer.pt\/index.php?rest_route=\/wp\/v2\/types\/product"}],"wp:featuredmedia":[{"embeddable":true,"href":"https:\/\/bricer.pt\/index.php?rest_route=\/wp\/v2\/media\/1354"}],"wp:attachment":[{"href":"https:\/\/bricer.pt\/index.php?rest_route=%2Fwp%2Fv2%2Fmedia&parent=1353"}],"wp:term":[{"taxonomy":"product_brand","embeddable":true,"href":"https:\/\/bricer.pt\/index.php?rest_route=%2Fwp%2Fv2%2Fproduct_brand&post=1353"},{"taxonomy":"product_cat","embeddable":true,"href":"https:\/\/bricer.pt\/index.php?rest_route=%2Fwp%2Fv2%2Fproduct_cat&post=1353"},{"taxonomy":"product_tag","embeddable":true,"href":"https:\/\/bricer.pt\/index.php?rest_route=%2Fwp%2Fv2%2Fproduct_tag&post=1353"}],"curies":[{"name":"wp","href":"https:\/\/api.w.org\/{rel}","templated":true}]}}