{"id":1304,"date":"2023-03-06T11:15:03","date_gmt":"2023-03-06T11:15:03","guid":{"rendered":"https:\/\/bricer.pt\/produto\/mrs-bridges-molho-de-queijo-blue-stilton-frasco-180g\/"},"modified":"2023-04-17T07:59:36","modified_gmt":"2023-04-17T07:59:36","slug":"mrs-bridges-molho-de-queijo-blue-stilton-frasco-180g","status":"publish","type":"product","link":"https:\/\/bricer.pt\/?product=mrs-bridges-molho-de-queijo-blue-stilton-frasco-180g","title":{"rendered":"Mrs Bridges Molho de Queijo &#8220;Blue Stilton&#8221;  Frasco 180g"},"content":{"rendered":"<p><strong>Mrs Bridges Molho de Queijo &#8220;Blue Stilton&#8221;<\/strong> Frasco 180g.<\/p>\n<p>&nbsp;<\/p>\n<p><strong>Ingredientes<\/strong>: \u00d3leo de colza, QUEIJO &#8220;Blue Stilton&#8221; (LEITE pasteurizado, sal, agente de fermenta\u00e7\u00e3o, coalho vegetariano, bolor azul) (13%), vinagre de vinho branco, gema de OVO pasteurizada, \u00e1gua, a\u00e7\u00facar, sal, estabilizador: goma xantana.<\/p>\n<p><strong>Alerg\u00e9nios<\/strong>: Ver MAI\u00daSCULAS. Pode conter vest\u00edgios de mostarda.<\/p>\n<p><strong>Declara\u00e7\u00e3o Nutricional p\/100g:<\/strong> Energia 2511kJ\/610kcal; L\u00edpidos 63,7g (dos quais saturados 10,4g); Hidratos de Carbono 4,7g (dos quais a\u00e7\u00facares 4,5g); Prote\u00ednas 4,3g; Sal 2,3g.<\/p>\n","protected":false},"excerpt":{"rendered":"<p>Mrs Bridges Molho de Queijo &#8220;Blue Stilton&#8221; Frasco 180g. &nbsp; Ingredientes: \u00d3leo de colza, QUEIJO &#8220;Blue Stilton&#8221; (LEITE pasteurizado, sal, agente de fermenta\u00e7\u00e3o, coalho vegetariano, bolor azul) (13%), vinagre de vinho branco, gema de OVO pasteurizada, \u00e1gua, a\u00e7\u00facar, sal, estabilizador: goma xantana. Alerg\u00e9nios: Ver MAI\u00daSCULAS. Pode conter vest\u00edgios de mostarda. Declara\u00e7\u00e3o Nutricional p\/100g: Energia 2511kJ\/610kcal; [&hellip;]<\/p>\n","protected":false},"featured_media":1305,"template":"","meta":[],"product_brand":[],"product_cat":[222,145],"product_tag":[],"class_list":{"0":"post-1304","1":"product","2":"type-product","3":"status-publish","4":"has-post-thumbnail","6":"product_cat-molhos-diversos","7":"product_cat-produtos-premium","8":"pa_marcas-mrs-bridges","9":"pa_pais-reino-unido","11":"first","12":"instock","13":"taxable","14":"shipping-taxable","15":"product-type-simple"},"_links":{"self":[{"href":"https:\/\/bricer.pt\/index.php?rest_route=\/wp\/v2\/product\/1304","targetHints":{"allow":["GET"]}}],"collection":[{"href":"https:\/\/bricer.pt\/index.php?rest_route=\/wp\/v2\/product"}],"about":[{"href":"https:\/\/bricer.pt\/index.php?rest_route=\/wp\/v2\/types\/product"}],"wp:featuredmedia":[{"embeddable":true,"href":"https:\/\/bricer.pt\/index.php?rest_route=\/wp\/v2\/media\/1305"}],"wp:attachment":[{"href":"https:\/\/bricer.pt\/index.php?rest_route=%2Fwp%2Fv2%2Fmedia&parent=1304"}],"wp:term":[{"taxonomy":"product_brand","embeddable":true,"href":"https:\/\/bricer.pt\/index.php?rest_route=%2Fwp%2Fv2%2Fproduct_brand&post=1304"},{"taxonomy":"product_cat","embeddable":true,"href":"https:\/\/bricer.pt\/index.php?rest_route=%2Fwp%2Fv2%2Fproduct_cat&post=1304"},{"taxonomy":"product_tag","embeddable":true,"href":"https:\/\/bricer.pt\/index.php?rest_route=%2Fwp%2Fv2%2Fproduct_tag&post=1304"}],"curies":[{"name":"wp","href":"https:\/\/api.w.org\/{rel}","templated":true}]}}