{"id":1209,"date":"2023-03-06T11:13:07","date_gmt":"2023-03-06T11:13:07","guid":{"rendered":"https:\/\/bricer.pt\/produto\/mrs-bridges-chutney-raiz-de-beterraba-cebola-vermelha-frasco-300g\/"},"modified":"2023-04-17T07:59:27","modified_gmt":"2023-04-17T07:59:27","slug":"mrs-bridges-chutney-raiz-de-beterraba-cebola-vermelha-frasco-300g","status":"publish","type":"product","link":"https:\/\/bricer.pt\/?product=mrs-bridges-chutney-raiz-de-beterraba-cebola-vermelha-frasco-300g","title":{"rendered":"Mrs Bridges Chutney Ra\u00edz de Beterraba &#038; Cebola Vermelha Frasco 300g"},"content":{"rendered":"<p><strong>Mrs Bridges Chutney Ra\u00edz de Beterraba &amp; Cebola Vermelha<\/strong> Frasco 300g.<\/p>\n<p>&nbsp;<\/p>\n<p><strong>Ingredientes<\/strong>: Ra\u00edz de beterraba (30%), a\u00e7\u00facar, cebola vermelha (21%), ma\u00e7\u00e3, Vinagre de vinho tinto, vinagre de malte (de CEVADA), amido de milho modificado, sal, massa de alho, mistura de especiarias.<\/p>\n<p><strong>Alerg\u00e9nios<\/strong>: Ver MAI\u00daSCULAS. Pode conter vest\u00edgios de Mostarda.<\/p>\n<p><strong>Declara\u00e7\u00e3o Nutricional p\/100g:<\/strong> Energia 747kJ\/176kcal; Hidratos de Carbono 42,0g (dos quais a\u00e7\u00facares 38,8g); Prote\u00ednas 1,2g; Sal 0,8g.<\/p>\n","protected":false},"excerpt":{"rendered":"<p>Mrs Bridges Chutney Ra\u00edz de Beterraba &amp; Cebola Vermelha Frasco 300g. &nbsp; Ingredientes: Ra\u00edz de beterraba (30%), a\u00e7\u00facar, cebola vermelha (21%), ma\u00e7\u00e3, Vinagre de vinho tinto, vinagre de malte (de CEVADA), amido de milho modificado, sal, massa de alho, mistura de especiarias. Alerg\u00e9nios: Ver MAI\u00daSCULAS. Pode conter vest\u00edgios de Mostarda. Declara\u00e7\u00e3o Nutricional p\/100g: Energia 747kJ\/176kcal; [&hellip;]<\/p>\n","protected":false},"featured_media":1210,"template":"","meta":[],"product_brand":[],"product_cat":[210,145],"product_tag":[],"class_list":{"0":"post-1209","1":"product","2":"type-product","3":"status-publish","4":"has-post-thumbnail","6":"product_cat-chutney-produtos-premium","7":"product_cat-produtos-premium","8":"pa_marcas-mrs-bridges","9":"pa_pais-reino-unido","11":"first","12":"instock","13":"taxable","14":"shipping-taxable","15":"product-type-simple"},"_links":{"self":[{"href":"https:\/\/bricer.pt\/index.php?rest_route=\/wp\/v2\/product\/1209","targetHints":{"allow":["GET"]}}],"collection":[{"href":"https:\/\/bricer.pt\/index.php?rest_route=\/wp\/v2\/product"}],"about":[{"href":"https:\/\/bricer.pt\/index.php?rest_route=\/wp\/v2\/types\/product"}],"wp:featuredmedia":[{"embeddable":true,"href":"https:\/\/bricer.pt\/index.php?rest_route=\/wp\/v2\/media\/1210"}],"wp:attachment":[{"href":"https:\/\/bricer.pt\/index.php?rest_route=%2Fwp%2Fv2%2Fmedia&parent=1209"}],"wp:term":[{"taxonomy":"product_brand","embeddable":true,"href":"https:\/\/bricer.pt\/index.php?rest_route=%2Fwp%2Fv2%2Fproduct_brand&post=1209"},{"taxonomy":"product_cat","embeddable":true,"href":"https:\/\/bricer.pt\/index.php?rest_route=%2Fwp%2Fv2%2Fproduct_cat&post=1209"},{"taxonomy":"product_tag","embeddable":true,"href":"https:\/\/bricer.pt\/index.php?rest_route=%2Fwp%2Fv2%2Fproduct_tag&post=1209"}],"curies":[{"name":"wp","href":"https:\/\/api.w.org\/{rel}","templated":true}]}}