{"id":1205,"date":"2023-03-06T11:13:07","date_gmt":"2023-03-06T11:13:07","guid":{"rendered":"https:\/\/bricer.pt\/produto\/mrs-bridges-chutney-de-pessego-frasco-295g\/"},"modified":"2023-04-17T07:59:27","modified_gmt":"2023-04-17T07:59:27","slug":"mrs-bridges-chutney-de-pessego-frasco-295g","status":"publish","type":"product","link":"https:\/\/bricer.pt\/?product=mrs-bridges-chutney-de-pessego-frasco-295g","title":{"rendered":"Mrs Bridges Chutney de P\u00eassego Frasco 295g"},"content":{"rendered":"<p><strong>Mrs Bridges Chutney de P\u00eassego<\/strong> Frasco 295g.<\/p>\n<p>&nbsp;<\/p>\n<p><strong>Ingredientes<\/strong>: P\u00eassegos (47%), a\u00e7\u00facar, cebola, vinagre de malte (CEVADA), manga, ma\u00e7\u00e3, gr\u00e3os de MOSTARDA, farelo de MOSTARDA, sal, especiarias, pasta de alho. Declara\u00e7\u00e3o Nutricional p\/100g: Energia 605kJ\/142kcal; L\u00edpidos 0,3g (dos quais \u00e1cidos gordos saturados 0g); Hidratos de Carbono 34,1g (dos quais a\u00e7\u00facares 33,2g); Prote\u00ednas 0,8g; Sal 0,3g.<\/p>\n<p><strong>Alerg\u00e9nios<\/strong>: Ver MAI\u00daSCULAS.<\/p>\n<p><strong>Declara\u00e7\u00e3o Nutricional p\/100g:<\/strong> Energia 1243kJ\/295kcal; L\u00edpidos 10,1g (dos quais \u00e1cidos gordos saturados 1,8g); Hidratos de Carbono 49,2g (dos quais a\u00e7\u00facares 47,1g); Prote\u00ednas 1,8g; Sal 2,3g.<\/p>\n<p>&nbsp;<\/p>\n","protected":false},"excerpt":{"rendered":"<p>Mrs Bridges Chutney de P\u00eassego Frasco 295g. &nbsp; Ingredientes: P\u00eassegos (47%), a\u00e7\u00facar, cebola, vinagre de malte (CEVADA), manga, ma\u00e7\u00e3, gr\u00e3os de MOSTARDA, farelo de MOSTARDA, sal, especiarias, pasta de alho. Declara\u00e7\u00e3o Nutricional p\/100g: Energia 605kJ\/142kcal; L\u00edpidos 0,3g (dos quais \u00e1cidos gordos saturados 0g); Hidratos de Carbono 34,1g (dos quais a\u00e7\u00facares 33,2g); Prote\u00ednas 0,8g; Sal 0,3g. [&hellip;]<\/p>\n","protected":false},"featured_media":1206,"template":"","meta":[],"product_brand":[],"product_cat":[210,145],"product_tag":[],"class_list":{"0":"post-1205","1":"product","2":"type-product","3":"status-publish","4":"has-post-thumbnail","6":"product_cat-chutney-produtos-premium","7":"product_cat-produtos-premium","8":"pa_marcas-mrs-bridges","9":"pa_pais-reino-unido","11":"first","12":"instock","13":"taxable","14":"shipping-taxable","15":"product-type-simple"},"_links":{"self":[{"href":"https:\/\/bricer.pt\/index.php?rest_route=\/wp\/v2\/product\/1205","targetHints":{"allow":["GET"]}}],"collection":[{"href":"https:\/\/bricer.pt\/index.php?rest_route=\/wp\/v2\/product"}],"about":[{"href":"https:\/\/bricer.pt\/index.php?rest_route=\/wp\/v2\/types\/product"}],"wp:featuredmedia":[{"embeddable":true,"href":"https:\/\/bricer.pt\/index.php?rest_route=\/wp\/v2\/media\/1206"}],"wp:attachment":[{"href":"https:\/\/bricer.pt\/index.php?rest_route=%2Fwp%2Fv2%2Fmedia&parent=1205"}],"wp:term":[{"taxonomy":"product_brand","embeddable":true,"href":"https:\/\/bricer.pt\/index.php?rest_route=%2Fwp%2Fv2%2Fproduct_brand&post=1205"},{"taxonomy":"product_cat","embeddable":true,"href":"https:\/\/bricer.pt\/index.php?rest_route=%2Fwp%2Fv2%2Fproduct_cat&post=1205"},{"taxonomy":"product_tag","embeddable":true,"href":"https:\/\/bricer.pt\/index.php?rest_route=%2Fwp%2Fv2%2Fproduct_tag&post=1205"}],"curies":[{"name":"wp","href":"https:\/\/api.w.org\/{rel}","templated":true}]}}