{"id":1063,"date":"2023-03-06T11:11:15","date_gmt":"2023-03-06T11:11:15","guid":{"rendered":"https:\/\/bricer.pt\/produto\/maille-pepinos-malossol-a-russos-frasco-440g\/"},"modified":"2023-10-25T08:41:40","modified_gmt":"2023-10-25T08:41:40","slug":"maille-pepinos-malossol-a-russos-frasco-440g","status":"publish","type":"product","link":"https:\/\/bricer.pt\/?product=maille-pepinos-malossol-a-russos-frasco-440g","title":{"rendered":"Maille Pepinos Malossol \u00e0 Russos Frasco 440g"},"content":{"rendered":"<p><strong>Maille Pepinos Malossol \u00e0 Russos Frasco 440g<\/strong><\/p>\n<p>&nbsp;<\/p>\n<p><strong>Ingredientes<\/strong>: Cornichons, vinagre de \u00e1lcool, a\u00e7\u00facar, sal, aneto, alho, sementes de MOSTARDA branca, pimenta preta, louro, aroma natural (cont\u00e9m AIPO).<\/p>\n<p><strong>Alerg\u00e9nios<\/strong>: Ver MAI\u00daSCULAS<\/p>\n<p><strong>Declara\u00e7\u00e3o Nutricional p\/100g:<\/strong> Energia 017kJ\/26kcal; L\u00edpidos &lt;0,5g (dos quais saturados &lt;0,1g); Hidratos de Carbono 4,3g (dos quais a\u00e7\u00facares 4,3g); Prote\u00ednas<br \/>\n1g; Sal 2,6g.<\/p>\n","protected":false},"excerpt":{"rendered":"<p>Maille Pepinos Malossol \u00e0 Russos Frasco 440g &nbsp; Ingredientes: Cornichons, vinagre de \u00e1lcool, a\u00e7\u00facar, sal, aneto, alho, sementes de MOSTARDA branca, pimenta preta, louro, aroma natural (cont\u00e9m AIPO). Alerg\u00e9nios: Ver MAI\u00daSCULAS Declara\u00e7\u00e3o Nutricional p\/100g: Energia 017kJ\/26kcal; L\u00edpidos &lt;0,5g (dos quais saturados &lt;0,1g); Hidratos de Carbono 4,3g (dos quais a\u00e7\u00facares 4,3g); Prote\u00ednas 1g; Sal 2,6g.<\/p>\n","protected":false},"featured_media":0,"template":"","meta":[],"product_brand":[],"product_cat":[101,36],"product_tag":[],"class_list":{"0":"post-1063","1":"product","2":"type-product","3":"status-publish","5":"product_cat-diversos-mercearia-salgada","6":"product_cat-mercearia-salgada","7":"pa_marcas-maille","8":"pa_pais-franca","10":"first","11":"instock","12":"taxable","13":"shipping-taxable","14":"product-type-simple"},"_links":{"self":[{"href":"https:\/\/bricer.pt\/index.php?rest_route=\/wp\/v2\/product\/1063","targetHints":{"allow":["GET"]}}],"collection":[{"href":"https:\/\/bricer.pt\/index.php?rest_route=\/wp\/v2\/product"}],"about":[{"href":"https:\/\/bricer.pt\/index.php?rest_route=\/wp\/v2\/types\/product"}],"wp:attachment":[{"href":"https:\/\/bricer.pt\/index.php?rest_route=%2Fwp%2Fv2%2Fmedia&parent=1063"}],"wp:term":[{"taxonomy":"product_brand","embeddable":true,"href":"https:\/\/bricer.pt\/index.php?rest_route=%2Fwp%2Fv2%2Fproduct_brand&post=1063"},{"taxonomy":"product_cat","embeddable":true,"href":"https:\/\/bricer.pt\/index.php?rest_route=%2Fwp%2Fv2%2Fproduct_cat&post=1063"},{"taxonomy":"product_tag","embeddable":true,"href":"https:\/\/bricer.pt\/index.php?rest_route=%2Fwp%2Fv2%2Fproduct_tag&post=1063"}],"curies":[{"name":"wp","href":"https:\/\/api.w.org\/{rel}","templated":true}]}}