{"id":1056,"date":"2023-03-06T11:11:15","date_gmt":"2023-03-06T11:11:15","guid":{"rendered":"https:\/\/bricer.pt\/produto\/maggi-preparado-p-molho-de-queijo-cx-39g\/"},"modified":"2023-04-17T07:59:06","modified_gmt":"2023-04-17T07:59:06","slug":"maggi-preparado-p-molho-de-queijo-cx-39g","status":"publish","type":"product","link":"https:\/\/bricer.pt\/?product=maggi-preparado-p-molho-de-queijo-cx-39g","title":{"rendered":"Maggi Preparado p\/ Molho de Queijo Cx. 39g"},"content":{"rendered":"<p><strong>Maggi Preparado p\/ Molho de Queijo Cx. 39g.<\/strong><\/p>\n<p>&nbsp;<\/p>\n<p><strong>Ingredientes:<\/strong> Amidos (ervilha, milho), \u00f3leo de girassol, 16% de QUEIJO, aromas (cont\u00e9m LEITE, GL\u00daTEN), sal iodado, xarope de glicose, prote\u00edna de LEITE, extracto de levedura, LACTOSE, 1,4% de cebolinho, 1,3% de cebola, soro de LEITE em p\u00f3, curcuma, aroma de fumo.<\/p>\n<p><strong>Alerg\u00e9nios:<\/strong> Ver MAI\u00daSCULAS. Pode conter vest\u00edgios de aipo, ovo, mostarda e soja.<\/p>\n<p><strong>Declara\u00e7\u00e3o Nutricional p\/100g:<\/strong> Energia 1975kJ\/472kcal; L\u00edpidos 25,6g (dos quais saturados 6,6g); Hidratos de Carbono 49,0g (dos quais a\u00e7\u00facares 2,7g); Fibra 0,7g; Prote\u00ednas 11,0g; Sal 7,9g.<\/p>\n","protected":false},"excerpt":{"rendered":"<p>Maggi Preparado p\/ Molho de Queijo Cx. 39g. &nbsp; Ingredientes: Amidos (ervilha, milho), \u00f3leo de girassol, 16% de QUEIJO, aromas (cont\u00e9m LEITE, GL\u00daTEN), sal iodado, xarope de glicose, prote\u00edna de LEITE, extracto de levedura, LACTOSE, 1,4% de cebolinho, 1,3% de cebola, soro de LEITE em p\u00f3, curcuma, aroma de fumo. Alerg\u00e9nios: Ver MAI\u00daSCULAS. Pode conter [&hellip;]<\/p>\n","protected":false},"featured_media":1057,"template":"","meta":[],"product_brand":[],"product_cat":[36,202],"product_tag":[],"class_list":{"0":"post-1056","1":"product","2":"type-product","3":"status-publish","4":"has-post-thumbnail","6":"product_cat-mercearia-salgada","7":"product_cat-preparados-mercearia-salgada","8":"pa_marcas-maggi","9":"pa_pais-paises-baixos","11":"first","12":"instock","13":"taxable","14":"shipping-taxable","15":"product-type-simple"},"_links":{"self":[{"href":"https:\/\/bricer.pt\/index.php?rest_route=\/wp\/v2\/product\/1056","targetHints":{"allow":["GET"]}}],"collection":[{"href":"https:\/\/bricer.pt\/index.php?rest_route=\/wp\/v2\/product"}],"about":[{"href":"https:\/\/bricer.pt\/index.php?rest_route=\/wp\/v2\/types\/product"}],"wp:featuredmedia":[{"embeddable":true,"href":"https:\/\/bricer.pt\/index.php?rest_route=\/wp\/v2\/media\/1057"}],"wp:attachment":[{"href":"https:\/\/bricer.pt\/index.php?rest_route=%2Fwp%2Fv2%2Fmedia&parent=1056"}],"wp:term":[{"taxonomy":"product_brand","embeddable":true,"href":"https:\/\/bricer.pt\/index.php?rest_route=%2Fwp%2Fv2%2Fproduct_brand&post=1056"},{"taxonomy":"product_cat","embeddable":true,"href":"https:\/\/bricer.pt\/index.php?rest_route=%2Fwp%2Fv2%2Fproduct_cat&post=1056"},{"taxonomy":"product_tag","embeddable":true,"href":"https:\/\/bricer.pt\/index.php?rest_route=%2Fwp%2Fv2%2Fproduct_tag&post=1056"}],"curies":[{"name":"wp","href":"https:\/\/api.w.org\/{rel}","templated":true}]}}