{"id":1027,"date":"2023-03-06T11:11:09","date_gmt":"2023-03-06T11:11:09","guid":{"rendered":"https:\/\/bricer.pt\/produto\/lien-ying-vinagre-de-arroz-su-frasco-200ml\/"},"modified":"2023-04-17T07:59:03","modified_gmt":"2023-04-17T07:59:03","slug":"lien-ying-vinagre-de-arroz-su-frasco-200ml","status":"publish","type":"product","link":"https:\/\/bricer.pt\/?product=lien-ying-vinagre-de-arroz-su-frasco-200ml","title":{"rendered":"Lien Ying Vinagre de Arroz &#8220;Su&#8221; Frasco 200ml"},"content":{"rendered":"<p><strong>Lien Ying Vinagre de Arroz &#8220;Su&#8221;<\/strong> Frasco 200ml.<\/p>\n<p>&nbsp;<\/p>\n<p><strong>Ingredientes<\/strong>: Vinagre de arroz jasmim, \u00e1gua, corante: caramelo de am\u00f4nia. (Fermentado Naturalmente. Grau Acidez 5%).<\/p>\n<p><strong>Alerg\u00e9nios<\/strong>: Ver MAI\u00daSCULAS.<\/p>\n<p><strong>Informa\u00e7\u00f5es Nutricionais:<\/strong> N\u00e3o Dispon\u00edvel<\/p>\n","protected":false},"excerpt":{"rendered":"<p>Lien Ying Vinagre de Arroz &#8220;Su&#8221; Frasco 200ml. &nbsp; Ingredientes: Vinagre de arroz jasmim, \u00e1gua, corante: caramelo de am\u00f4nia. (Fermentado Naturalmente. Grau Acidez 5%). Alerg\u00e9nios: Ver MAI\u00daSCULAS. Informa\u00e7\u00f5es Nutricionais: N\u00e3o Dispon\u00edvel<\/p>\n","protected":false},"featured_media":1028,"template":"","meta":[],"product_brand":[],"product_cat":[33,24,196],"product_tag":[],"class_list":{"0":"post-1027","1":"product","2":"type-product","3":"status-publish","4":"has-post-thumbnail","6":"product_cat-mercearia-asiatica","7":"product_cat-sabores-do-mundo","8":"product_cat-vinagre-mercearia-asiatica","9":"pa_marcas-lien-ying","10":"pa_pais-tailandia","12":"first","13":"instock","14":"taxable","15":"shipping-taxable","16":"product-type-simple"},"_links":{"self":[{"href":"https:\/\/bricer.pt\/index.php?rest_route=\/wp\/v2\/product\/1027","targetHints":{"allow":["GET"]}}],"collection":[{"href":"https:\/\/bricer.pt\/index.php?rest_route=\/wp\/v2\/product"}],"about":[{"href":"https:\/\/bricer.pt\/index.php?rest_route=\/wp\/v2\/types\/product"}],"wp:featuredmedia":[{"embeddable":true,"href":"https:\/\/bricer.pt\/index.php?rest_route=\/wp\/v2\/media\/1028"}],"wp:attachment":[{"href":"https:\/\/bricer.pt\/index.php?rest_route=%2Fwp%2Fv2%2Fmedia&parent=1027"}],"wp:term":[{"taxonomy":"product_brand","embeddable":true,"href":"https:\/\/bricer.pt\/index.php?rest_route=%2Fwp%2Fv2%2Fproduct_brand&post=1027"},{"taxonomy":"product_cat","embeddable":true,"href":"https:\/\/bricer.pt\/index.php?rest_route=%2Fwp%2Fv2%2Fproduct_cat&post=1027"},{"taxonomy":"product_tag","embeddable":true,"href":"https:\/\/bricer.pt\/index.php?rest_route=%2Fwp%2Fv2%2Fproduct_tag&post=1027"}],"curies":[{"name":"wp","href":"https:\/\/api.w.org\/{rel}","templated":true}]}}